is the tens digit of t/p + 1074/27?
4
Suppose 4*a - 3*j - 434 = 0, 5*a = -0*a - j + 552. Let u = a - 78. Let r = u - 10. What is the tens digit of r?
2
Let b = 5 - 11. Let u(x) = x**2 + 4*x - 8. Let m be u(b). What is the units digit of (38/m)/(6/12)?
9
Suppose -5*a - 4 + 6 = -2*v, v = -3*a + 10. Suppose -318 = -4*l + a*d - 0*d, -4*d + 4 = 0. What is the tens digit of l?
8
Let o(d) = -42*d + 84. What is the tens digit of o(-9)?
6
Let y(m) be the first derivative of m**4/4 + 57*m - 14. What is the units digit of y(0)?
7
Suppose 0 = -28*d + 42*d - 7644. What is the tens digit of d?
4
Let p = 26 - -204. Let r = -111 + p. What is the tens digit of r?
1
Suppose 18*r - 13805 = 7*r. What is the tens digit of r?
5
Let l be (-4)/10 - 4/(-10). Suppose 2*x + l - 8 = 0. Suppose -3*m + 8*m - 34 = -s, 0 = -x*s + 3*m + 44. What is the tens digit of s?
1
Suppose -133*f = -128*f - q - 29622, -17766 = -3*f + 3*q. What is the units digit of f?
5
Suppose 0 = -0*m - 4*m + 8. Suppose 0 = -m*s - 2, 0*r + 5*r - 2*s = 217. What is the tens digit of r?
4
Let t be ((0 - 0) + -4)*-2. Let z(a) = -t*a - 5 - 5 + 1. What is the tens digit of z(-6)?
3
Suppose -3455 = -5*p + 4*n + 3102, 4*n = p - 1305. What is the tens digit of p?
1
Let w(h) = -h - 5. Let i be w(7). Let v be 56/(-6)*i/(-8). Let r = -7 - v. What is the units digit of r?
7
Let m(o) = -3*o + 7. Let s be m(8). Let y(n) = n + 84. What is the units digit of y(s)?
7
What is the tens digit of 97520/180 + 4/18?
4
Let a(j) = -j**3 + 3*j**2 + 4*j + 1. Let s be a(-1). What is the units digit of (-24)/(11/(-8) + s)?
4
Suppose c = -6 + 62. Suppose -28*d + 30*d = c. What is the tens digit of d?
2
Suppose -5*u = -u + 220. Let k = u - -78. Suppose -5*x - y = -125, k = -3*x + y + 90. What is the units digit of x?
4
Suppose 3*w - 5 = -6*k + k, 3*w + 2 = 2*k. What is the units digit of (2 - -34) + 4 - w?
0
Let g(y) = 7*y - 19. Suppose -3*s + 6 = 0, -j - s + 46 = 3*j. Let c be g(j). Let o = c + -39. What is the units digit of o?
9
Let h = 10 + -8. Suppose 3*i = -5*f + 132, 0 = -4*f + h*i - 6*i + 104. What is the tens digit of f?
2
Let r be 4/((20/(-5))/(-84)). Let a = r + -13. What is the units digit of a?
1
Let q = 1312 - 895. What is the units digit of q?
7
Let c be ((-8)/6)/((-5)/90). Let b = c + -38. Let y = 24 + b. What is the tens digit of y?
1
Suppose 0 = m + 5*i - 2397 - 1684, 0 = 4*m + 5*i - 16339. What is the hundreds digit of m?
0
Let d(i) = -i**3 + i**2 - i - 2. Let k be d(2). Let r be -2*(-12)/k - 3. What is the tens digit of (-3)/(r/74) - -2?
3
Suppose -p = 8 - 4. Let q(j) = -3*j**2 - 4*j - 3. Let a be q(p). What is the tens digit of 2*(4 + -6) - a?
3
Let r(d) = 4*d**3 - 148*d**2 + 32*d + 13. What is the tens digit of r(37)?
9
Suppose 4*x = 6*x - 4. Suppose c - 4*i = -x*c + 290, 0 = 4*i + 20. Suppose 5*v = -c + 240. What is the units digit of v?
0
Suppose 57 + 701 = d. What is the hundreds digit of d?
7
Suppose -7*x = 115 - 689. Suppose -5*r - f = -166, 2*r + r + 5*f - x = 0. What is the units digit of r?
4
Let g(w) = 7*w**2 - 22*w + 5. What is the units digit of g(11)?
0
Suppose -h = -5*a - 3, -4*h - 5*a + 5 = -7. Suppose 5*b + 25 = 2*f - h, 4*f - 2*b - 24 = 0. Suppose t + 1 = 0, -n = t - 5 - f. What is the tens digit of n?
1
Let a(j) = -j**2 - 3*j. Let p be a(-3). Suppose 208 = 4*v - p*v. What is the tens digit of v?
5
Suppose 6*y = 2*y + 40. Let n(m) = m**2 - 8*m + 3. What is the tens digit of n(y)?
2
Suppose 3803 + 3457 = 11*q. What is the hundreds digit of q?
6
What is the tens digit of (6/(-5))/(-5 + (-272082)/(-54420))?
2
Suppose 5*c - 7*n + 10*n - 7965 = 0, c = 5*n + 1621. What is the hundreds digit of c?
5
Let i(m) = 84*m**3 - 5*m + 7. What is the units digit of i(2)?
9
Suppose 4*w - 663 - 18009 = 5*c, -2*w = 7*c - 9298. What is the hundreds digit of w?
6
Let z(o) = o**3 - 5*o**2 + 2. Let g be z(5). Suppose 7 = g*j - 3. Suppose -3*p + 17 = -5*x - 3, -j*p = 2*x - 54. What is the units digit of p?
0
Let w = -14 - -17. Suppose 3*x = 2*r - 151, -w*r - x = -r - 171. What is the tens digit of r?
8
Suppose -5*u - 3*k + 17773 = 0, 5*u + 7037 = -5*k + 24812. What is the thousands digit of u?
3
Suppose 2*d - 3*p = 379, 2*p - 198 = -5*d + 759. What is the units digit of d?
1
Let k(x) = -x**3 + 32*x**2 - 14*x + 61. What is the units digit of k(29)?
8
Let y = 1219 + -744. What is the units digit of y?
5
What is the tens digit of (-2)/1 - (-83 - (-27)/(-3))?
9
Suppose -5*w + 118 + 5737 = 0. What is the units digit of w?
1
Let b be (0 - 18)*-1*2. Let p(r) = 20*r - 126. Let i be p(8). What is the units digit of b/(-24)*i/(-3)?
7
Let q(o) be the second derivative of -o**5/20 + 7*o**4/12 - 2*o**3/3 + 3*o**2 + 7*o. Let y(v) = 6*v**2. Let h be y(1). What is the units digit of q(h)?
8
Let n = 14 - 17. Let u be 1 + n + -1 + 3. Suppose -3*p - 9 + 105 = u. What is the units digit of p?
2
Let y(b) = b**3 - 11*b**2 - 2*b - 1. Let z be y(12). Suppose 5*n + 147 = -5*w + 52, 4*w - 3*n + 69 = 0. What is the units digit of z/3 - 6/w?
0
Let n(v) = -2*v**3 + 21*v**2 + 10*v - 3. Let j be n(9). Suppose -20*s = -22*s + j. What is the units digit of s?
5
Let a(k) = 34*k + 804. What is the hundreds digit of a(32)?
8
Suppose 5*u - 1493 = -3*a, -3*u - a + 1200 = u. What is the units digit of u?
1
Let h(p) = p**3 - 9*p**2 - 7*p - 29. Let m be h(10). Let i(v) = v**2 + v - 7. Let a be i(-5). What is the units digit of (2 + a)/m + -2?
3
Let w(s) = s**3 + 5*s**2 + s + 4. Let r be w(-5). Let d be (-2)/r*24/6. Suppose 0 = 3*j - d - 1. What is the units digit of j?
3
Suppose 4382 = 4*x + 3*h, -52*h - 1084 = -x - 47*h. What is the thousands digit of x?
1
Suppose -3*q = -7*q - 2*h + 50, h - 35 = -3*q. Let w be (-1 - -1)/(q/5). Suppose w = 5*c - 8*c + 111. What is the units digit of c?
7
Let d = -5 + 9. Let f be (-14)/56 - 31/d. What is the units digit of (2 - 1)/(f/(-544))?
8
Let m(z) = -9*z + 9. Let s be (-1 - 1)/(19/(-228)). Let q = s - 30. What is the units digit of m(q)?
3
Suppose 10*u - 9*u - 2 = 0. What is the tens digit of 0 + -3 - -38 - u?
3
Suppose 4*g + 7 = -z, -13 = 2*z + z + 4*g. Let r be z + 0 - (-14 - -10). Let l(b) = 9*b + 1. What is the tens digit of l(r)?
1
Let w = -40 + 42. What is the units digit of (w/2)/(4/(-3 + 723))?
0
Let i(p) be the first derivative of p**2/2 + 10*p - 21. Let d be 1 - (-13 + (-6)/3). What is the units digit of i(d)?
6
Let j(m) = 2*m - 42. Let i be j(21). Suppose 4*g - 4*y - 524 = i, 0*g + 658 = 5*g - 4*y. What is the hundreds digit of g?
1
Let a(o) = -o**3 - 6*o**2 + 1. Let h be a(-5). What is the units digit of (7/3)/((-1)/h)?
6
Let g(m) = -18*m + 36. What is the hundreds digit of g(-6)?
1
Suppose 5*y + 4*k + 194 = 2*y, 2*y + 3*k = -129. Let w = -29 - y. Let m = w + 35. What is the units digit of m?
2
Let b be ((-2)/8 + 1)*4. Let j be (-438)/(-8) + b/(-4). Suppose -2*q = -4*w + j, 0*w + 5*w - 90 = -5*q. What is the units digit of w?
5
Let s(u) = -5*u**3 + 12*u**2 - 3*u + 190. Let i(r) = -3*r**3 + 8*r**2 - 2*r + 127. Let q(j) = 8*i(j) - 5*s(j). What is the units digit of q(0)?
6
Let q = -2120 - -4056. What is the tens digit of q?
3
Let j(q) = -2*q - 18. Let u be j(-11). Suppose 5*x - p + u = 3, -4 = -2*x - 4*p. Let m = x + 14. What is the units digit of m?
4
Let l(z) = z**2 - 32*z + 19. Let g be l(24). Let b = 285 + g. What is the tens digit of b?
1
Suppose -6*g = 13*g - 4351. What is the tens digit of g?
2
Let m(d) = -12*d + 15. Let x be m(7). What is the tens digit of (-1)/(210/x + 3)?
2
What is the units digit of 2*(-40374)/(-12) + -5?
4
Let k = 3 + -4. Let o be k/(-4) + (-263)/(-4). Let f = -44 + o. What is the units digit of f?
2
Suppose 0 = -77*g - 9150 + 189253. What is the tens digit of g?
3
Let l be (-448)/20 + (-2)/(-5). Let t = l - -70. What is the tens digit of t?
4
Let c = 2 - 0. Let j be ((-2)/(-4))/1*92. Suppose -c*b + 48 = 4*r, 2*b - 2*r + 7*r - j = 0. What is the units digit of b?
8
Let x be ((-6)/(-14))/((-2)/(-14)). Suppose -4*v + m + 478 = -9, -x*v - 5*m = -394. What is the hundreds digit of v?
1
Suppose -4*z - 28 = -4*y, 5*y - z - 11 = 2*y. What is the hundreds digit of y/6 - (5648/6)/(-8)?
1
Let l(w) = 2*w + 2. Suppose -4*n + 8 = 0, 4*k + 0*k - 3*n + 14 = 0. Let i be l(k). What is the units digit of 16*3 - (i - -1)?
9
Suppose -n + 1 = 5*k + 218, 0 = n + 3*k + 213. Let t = n + 343. What is 